he greatest common divisor of 194 and 268690.
194
What is the greatest common divisor of 57 and 75?
3
What is the greatest common factor of 126 and 26642?
14
Calculate the highest common divisor of 576953 and 39.
13
Calculate the greatest common factor of 312 and 56940.
156
Calculate the highest common divisor of 7935 and 292215.
345
What is the highest common divisor of 22967 and 238?
119
What is the highest common factor of 274 and 94530?
274
What is the greatest common divisor of 26 and 41834?
26
What is the highest common factor of 2880 and 3510?
90
What is the greatest common factor of 366760 and 40?
40
Calculate the greatest common factor of 342 and 7866.
342
Calculate the highest common divisor of 276858 and 12.
6
What is the greatest common factor of 17832 and 48?
24
What is the highest common factor of 616 and 14756?
28
What is the highest common factor of 768 and 4488?
24
What is the greatest common factor of 19422 and 3320?
166
Calculate the highest common factor of 260 and 832.
52
What is the greatest common divisor of 495 and 5071?
11
What is the greatest common factor of 3555142 and 4216?
1054
Calculate the greatest common factor of 130024 and 8.
8
Calculate the highest common factor of 5133103 and 106.
53
Calculate the highest common divisor of 119 and 44081.
17
Calculate the highest common factor of 791 and 420473.
113
Calculate the greatest common divisor of 1029260 and 2120.
1060
What is the greatest common factor of 198375 and 2250?
375
What is the greatest common factor of 6127 and 748?
11
Calculate the greatest common divisor of 31805 and 49.
1
What is the highest common factor of 2908092 and 176?
44
What is the greatest common divisor of 243 and 35127?
27
What is the highest common divisor of 82064 and 92?
92
What is the greatest common divisor of 648 and 811512?
216
What is the highest common divisor of 102 and 13651?
17
Calculate the greatest common divisor of 98 and 6342.
14
Calculate the highest common factor of 16 and 1552.
16
What is the highest common divisor of 24 and 3528?
24
Calculate the greatest common divisor of 1318 and 832317.
659
What is the greatest common divisor of 515835 and 240?
15
Calculate the highest common divisor of 463 and 13692299.
463
What is the greatest common factor of 454325 and 170?
85
What is the greatest common divisor of 1598994 and 54?
54
Calculate the highest common factor of 50594 and 2624.
82
Calculate the greatest common factor of 242 and 31042.
22
What is the highest common divisor of 13549 and 34?
17
Calculate the greatest common divisor of 420185 and 57.
19
Calculate the highest common divisor of 10799217 and 594.
297
Calculate the greatest common factor of 123 and 58466.
41
Calculate the highest common divisor of 7429 and 76.
19
Calculate the greatest common factor of 35976 and 4392.
24
What is the greatest common factor of 7980 and 155876?
532
What is the highest common divisor of 5776694 and 11?
11
What is the greatest common factor of 4587 and 21241?
11
What is the greatest common divisor of 91696 and 352?
176
What is the highest common factor of 3842 and 1802?
34
What is the highest common factor of 34 and 295613?
17
What is the greatest common divisor of 20 and 312920?
20
Calculate the highest common factor of 270285 and 2775.
555
Calculate the greatest common divisor of 13079 and 32923.
451
What is the highest common divisor of 9657 and 348?
87
What is the highest common factor of 1716 and 56004?
156
Calculate the highest common divisor of 27 and 66879.
27
Calculate the highest common divisor of 4600 and 188000.
200
What is the highest common factor of 13132 and 165620?
196
Calculate the greatest common factor of 290 and 5490.
10
What is the highest common factor of 18297 and 21888?
171
What is the highest common factor of 88551 and 27?
9
Calculate the highest common divisor of 1068 and 28569.
267
Calculate the greatest common divisor of 35452 and 4.
4
What is the greatest common divisor of 63 and 133?
7
Calculate the highest common divisor of 143 and 429.
143
Calculate the greatest common divisor of 6 and 22176.
6
What is the greatest common factor of 268 and 10243630?
134
What is the greatest common divisor of 286 and 577863?
143
What is the highest common factor of 1194 and 12258?
6
What is the highest common divisor of 20 and 5932?
4
Calculate the greatest common factor of 313380 and 162.
18
What is the highest common factor of 87162 and 3066?
438
Calculate the highest common factor of 1370 and 90968.
274
What is the greatest common factor of 836 and 247?
19
What is the greatest common factor of 9823 and 76?
19
What is the greatest common divisor of 38978 and 52?
2
Calculate the highest common divisor of 1056 and 9570.
66
Calculate the highest common factor of 40 and 4300160.
40
What is the greatest common divisor of 136499 and 11?
11
What is the greatest common factor of 1890468 and 136?
68
Calculate the greatest common factor of 14370 and 615.
15
What is the greatest common factor of 3591 and 3059?
133
What is the highest common divisor of 334014 and 311?
311
Calculate the greatest common factor of 246 and 928322.
82
What is the highest common factor of 80539 and 172?
43
Calculate the highest common factor of 47838 and 918.
102
Calculate the highest common divisor of 24000 and 49125.
375
What is the greatest common factor of 11 and 479?
1
What is the highest common divisor of 704 and 149248?
704
What is the greatest common factor of 16 and 44848?
16
Calculate the greatest common divisor of 18003 and 1632.
51
Calculate the highest common factor of 1658250 and 50.
50
What is the greatest common factor of 413665 and 2968?
371
What is the greatest common factor of 213 and 13275651?
213
Calculate the highest common divisor of 98 and 338051.
49
Calculate the highest common divisor of 2230 and 1370.
10
Calculate the greatest common divisor of 101827 and 11.
11
Calculate the highest common divisor of 3654 and 4466.
406
Calculate the highest common factor of 28890 and 7062.
642
Calculate the highest common divisor of 6 and 43536.
6
Calculate the highest common factor of 122750 and 2000.
250
Calculate the highest common factor of 2009 and 1025.
41
Calculate the highest common divisor of 6554 and 4234.
58
Calculate the highest common divisor of 226359 and 231.
21
What is the highest common factor of 231 and 42427?
77
What is the greatest common divisor of 87183 and 18?
9
Calculate the greatest common factor of 7072 and 1819.
17
What is the greatest common divisor of 584 and 281634?
146
What is the highest common divisor of 1106 and 123319?
553
Calculate the highest common divisor of 8935 and 510.
5
What is the greatest common factor of 217 and 4767?
7
What is the highest common divisor of 240 and 52680?
120
What is the highest common divisor of 215 and 433096?
43
Calculate the highest common divisor of 225 and 15075.
225
What is the greatest common divisor of 14444 and 36?
4
What is the greatest common factor of 52 and 61763?
13
Calculate the greatest common divisor of 145039 and 86.
43
Calculate the highest common divisor of 388 and 3790372.
388
What is the greatest common factor of 2224 and 8248?
8
Calculate the greatest common divisor of 1293 and 8388984.
1293
What is the greatest common factor of 1488483 and 783?
783
Calculate the greatest common factor of 921776 and 80.
16
Calculate the greatest common factor of 30 and 4267695.
15
Calculate the highest common factor of 1241768 and 88.
88
Calculate the greatest common factor of 16 and 51992.
8
What is the greatest common factor of 102 and 388?
2
Calculate the greatest common divisor of 56 and 652.
4
What is the greatest common factor of 3092 and 6760?
4
What is the greatest common divisor of 159 and 3592817?
53
Calculate the highest common divisor of 800 and 4182800.
400
What is the highest common factor of 1258 and 80734?
74
What is the highest common factor of 2592 and 5994?
162
Calculate the greatest common factor of 145137 and 1616.
101
Calculate the highest common divisor of 770 and 535.
5
Calculate the greatest common factor of 3310 and 15.
5
What is the greatest common factor of 1800 and 295875?
225
What is the greatest common divisor of 2430625 and 625?
625
What is the highest common factor of 2950 and 324146